 -8 - -13) - -2.
10
Evaluate 7 + 18 + -13 + -16.
-4
Calculate 10 - 0 - (-9 + 3 + (-15 - -25)).
6
Evaluate -9 + 13 + 19 + -16.
7
(-1 - -5) + 17 - 2 - (-72 - -62)
29
Evaluate -24 - -35 - (14 - 15).
12
What is the value of 42 + -31 - (4 - (-1 + 4))?
10
-10 + 1 - (-8 + -11 + 10 + -21)
21
-16 + -2 + -30 + 38 - 12
-22
What is 29 + -11 + 5 + 8 + -10?
21
Calculate -4 - (-2 + 19) - -10.
-11
What is (17 - 13) + (-5 - (4 - 1))?
-4
-4 - 36 - ((-17 - (13 - 16)) + 13)
-39
Evaluate (-186 - -184) + -1 + 0 - (1 - 0).
-4
Calculate -4 + (-7 - -1 - -13) - 8.
-5
What is 4 + (-9 + 29 + (-6 - -2) - 9)?
11
Evaluate 3 - (25 + -17 + 11).
-16
Evaluate (4 - (-8 + 6)) + 1 + -11 + -14.
-18
Calculate -51 + (-26 - -68) - (-2 + 10).
-17
4 + (-13 - -1) + (-3 - (-2 + 2))
-11
What is -22 - (-24 + -35 - -20)?
17
Calculate -9 + (-1 - -3) + (24 - 19 - 2).
-4
What is the value of 30 - ((17 - 5) + 8)?
10
What is the value of 9 - (9 - (-1 + 9 - (-1 - -2)))?
7
What is -16 + 37 + 13 + -27?
7
Evaluate -40 + (43 - 22 - 17).
-36
Calculate -3 - ((5 - 1) + -6).
-1
What is 0 + (13 - (3 - (-12 + -13)))?
-15
What is 13 - (38 + -17 + -6)?
-2
What is (-3 - 11) + 9 + 5?
0
Evaluate 15 - ((18 - 11) + -2).
10
3 - (-515 + 519 + (0 - (-2 + -2)))
-5
What is 55 - (38 - (-15 + 20))?
22
-1 + (-13 - (3 - 2) - (7 + -10))
-12
-708 - -707 - (11 + (3 - (0 + 2)))
-13
What is the value of (2 - 5 - (-34 - -24 - -14)) + -8?
-15
What is the value of -529 - -529 - (0 + 0 + -5)?
5
What is -18 + 30 - -2 - 9?
5
What is the value of (8 - (-11 - -23)) + (3 - 1) + 20?
18
What is -15 - 1 - ((-94 - -43) + 39)?
-4
10 + 28 + -5 + -1 + -9
23
What is the value of (-11 + 24 + 7 - 15) + 9 + 3?
17
What is the value of 8 + -6 + 20 + (-2 - 9)?
11
What is the value of (3 - 11) + (-7 - (-37 + 33))?
-11
What is the value of (68 - 89) + (14 - 1)?
-8
Calculate (1 - -1) + 2 - (336 + -340) - 12.
-4
What is (-6 - (-26 + 27)) + 10 - (1 - 13)?
15
What is the value of 0 + -4 + 4 - (-3 + 5)?
-2
Calculate (-2 - 1 - 2) + (22 - (-1 - -5)).
13
What is the value of -1 - 0 - (7 - (46 - 15))?
23
12 + -1 + 10 + (-1 - 8)
12
Evaluate 11 + -26 + -5 + 2 + 2.
-16
What is 4 - ((4 - (14 - 5)) + 14)?
-5
What is -1 + 28 + (53 - (-27 - -98))?
9
What is 33 - 19 - 4 - (-3 - -3)?
10
17 - ((-30 - -51) + 8)
-12
Evaluate 0 + (-10 - (10 + -4) - -12).
-4
Evaluate -2 + (-6 + 1 - (4 + -1)).
-10
(-12 - -29 - 13) + (-1 - 0)
3
What is 3 + (12 - 35) + -6 + (7 - 2)?
-21
What is -6 + -15 + -6 + 32 + 16?
21
Calculate (17 - 27) + -1 - -4.
-7
Evaluate (19 - 9) + 40 + -23.
27
Evaluate (6 - ((8 - 4) + -1 - -3)) + 17.
17
Evaluate (13 - 25) + -5 + 15 - -20.
18
Calculate -2 + -6 + 5 + (3 - 1).
-1
What is 10 - ((-33 - -35) + 0 + 4)?
4
What is -4 + -3 - (-7 - (-2 - -6))?
4
What is the value of 2 + (-21 + 3 - 4)?
-20
What is the value of 2 + (7 - 23) + (34 - 24)?
-4
What is the value of (9 + -2 - (-3 + 1 + 0)) + -1?
8
Calculate 18 + (28 - 36) + -28.
-18
Evaluate -15 + 6 - 27 - -18.
-18
Evaluate 8 - (-5 + 9) - (-5 + 0).
9
Evaluate 17 + -26 + 12 + 2 + (0 - 11).
-6
Evaluate -14 - (9 - 24) - 22 - 6.
-27
Calculate -1 - 4 - (12 - ((3 - 0) + 14)).
0
What is (-15 - (5 - 9)) + (10 - 8)?
-9
What is the value of 2 + -21 + 11 + 4?
-4
Evaluate 18 - (9 - 4) - 8.
5
1 + -10 + (-231 - -240) + 1
1
Calculate -6 - (9 + (11 - 10 - 5)).
-11
2 + -1 + (-14 - -7)
-6
What is 390 + -385 - (0 - 1)?
6
Calculate (3 - 5 - -3) + 10 + (0 - -17).
28
Calculate (6 + -8 + 16 - 30) + 2.
-14
Evaluate 1 + 1 + 13 + (2 - 5) + -4.
8
What is 35 + -45 + 28 - (1 + -2)?
19
Calculate -26 + 20 + (33 - 19).
8
Evaluate -24 - (-4 + 15 - 18).
-17
What is the value of -12 + (-16 - 12 - -70)?
30
Calculate 22 - -2 - (246 - 259).
37
What is the value of -11 - -7 - (-21 - 1)?
18
Calculate -7 - -1 - 9 - -1.
-14
Evaluate 1 - -23 - (1671 - 1645).
-2
(-28 - -15) + (9 - 2) - (-10 + 16)
-12
Calculate -240 + 219 + (0 - (-6 - -1)).
-16
What is the value of 1 - -3 - -1 - (16 - 18)?
7
What is the value of 0 - 8 - (-7 + (16 - 11))?
-6
Evaluate 11 - (22 - 5) - -7 - -2 - -14.
17
Evaluate (-1 - -10) + -2 - (-89 + 87).
9
What is the value of -27 + (23 + -26 - (0 + -3 - 3))?
-24
-35 + (1 - 5) + (-19 + 47 - 15)
-26
What is -2 - (-1 + -1) - -1 - (108 + -102)?
-5
5 + (-6 + 7 - 21) + 7
-8
What is the value of 18 + (3 - 0) + -12 + 3 + 8?
20
Calculate 9 + (12 - (14 - 2)) + 38 + -11.
36
What is the value of 6 - (3 + -11 - -11) - 3?
0
Calculate (-12 - (-6 - -3)) + (28 - -6 - 6).
19
What is the value of -19 - (18 + (28 - 64))?
-1
Evaluate -6 + 14 + 20 + -27.
1
Evaluate 0 + 4 - (86 - 88).
6
Calculate -3 + 30 + -15 - 3 - (0 - -1).
8
What is 13 - (20 - -1 - (42 - (-19 + 49)))?
4
Evaluate (-20 - (-13 + 0)) + 11 - 13.
-9
Calculate -2 + 0 + -6 - (-503 - -511).
-16
Calculate -24 + 28 + -1 - (7 - 1).
-3
Calculate (-7 - -4) + (-18 - (15 - 19)) + 20.
3
What is the value of -19 + -14 + 68 + (-13 - -1)?
23
What is (-7 - -2) + (1 - 1 - (-1 + -6))?
2
Evaluate 51 + -78 - (-22 + 1).
-6
What is the value of -37 + 19 + 9 + -15?
-24
Calculate 4 - (21 + -18 - (-10 + -1)).
-10
Evaluate -1 + 16 + -2 + -1106 + 1103.
10
(2 - 3) + (-4 - (-3 + -4 + -3))
5
What is the value of 26 - 38 - (2 + -15)?
1
Calculate -6 + 4 + 4 + 2 + -42 + 30.
-8
What is the value of -13 - (2 - -7 - 12)?
-10
Calculate -4 - (-5 + 17 + -3 + 1).
-14
Calculate 37 + (-3 - 32) - (13 - 1).
-10
Calculate 6 + ((8 - 4) + (8 - 16) - -20).
22
What is the value of -5 + (19 - 38) + 27?
3
12 + 11 + (-42 - 2)
-21
What is the value of (-2 - (-10 + 1)) + (112 - 121)?
-2
Calculate 10 + (-9 - -4 - -2 - 3) - -1.
5
-1548 + 1532 + (1 - -25)
10
What is 9 - (-5 - -12) - (0 + 8) - -7?
1
Evaluate 6 - (5 + -4 + 4 - -17).
-16
-4 + -2 + 5 - (-14 + 8 - -10)
-5
Calculate 31 + (1 - 10 - 5) + -11.
6
-24 + 8 + (-9 - -30)
5
What is 47 - -22 - 75 - (16 - -1)?
-23
What is -4 - ((-3 - 1) + -2 - (70 - 64))?
8
Evaluate 3 - (-9 + -7 + 8).
11
(1 - -8) + (15 - 33) + 7
-2
Calculate 5 + (-40 - -23 - -16).
4
(-4 - (14 + -7)) + 7 - -6
2
Calculate -1 - 24 - (-88 + 75).
-12
Calculate 0 + -4 - (9 + (3 - 2) + -17).
3
What is the value of 12 + (-15 - (8 + -15) - -18)?
22
-16 + 14 - -16 - 3 - 11
0
What is (-33 - -4 - -25) + 1 + -3 + 0?
-6
-1 + -17 + 13 - -2
-3
Calculate 5 - 0 - (-19 - (2 - 27)).
-1
17 + (17 - (11 + -6) - 10)
19
Evaluate 10 + -12 - -5 - (0 + -5).
8
Evaluate -1 + 18 + -13 - -4.
8
Evaluate (12 - 58) + 41 + (0 - 1) + -31.
-37
Calculate 14 - 23 - (-6 - 3) - (-9 - -1).
8
What is 1 + -5 + 1 + 13 + 1 + -9?
2
What is 5 + 1 + -11 + (-19 - -17)?
-7
(-4 - -13 - 24) + 11
-4
Evaluate 15 - ((-173 - -170) + (3 - (3 + -1))).
17
What is the value of (3 - 6 - -13) + (-9 - -23)?
24
(7 - 1) + (-21 - (0 + (-6 - 2)))
-7
What is (-1 - 0) + -271 + 266 + 2?
-4
-22 + 11 + 24 - 17
-4
What is the value of 3 - (0 + -12 - (-1 + -4 + 0))?
10
What is -14 - ((30 - 29 - (2 - 1)) + 2)?
-16
What is the value of (0 - 4) + (-32 + 32 - (8 - -1))?
-13
What is the value of 10 - ((1 - 19) + (34 - (38 + -14)))?
18
22 - -13 - (4 + 8)
23
What is 11 + (22 - 14) - (9 + 1)?
9
Calculate 10 - (-4 - ((5 - 9) + -14) - 7).
3
8 + -1 + -21 + 25 + -23 + -1
-13
What is the value of -18 - ((-7 + 13 - -2) + 0 + -9)?
-17
What is (-10 - 2) + 21 + (4 - (40 + -4))?
-23
Calculate (51 - 13) + (-164 - -121).
-5
What is the value of (-16 - -9) + (-11 - 3) - 3?
-24
Evaluate 12 + -2 + (22 - 42).
-10
-2 + (38 - 20) + (0 - 1) + -8
7
Evaluate 350 + -362 - (-1 + 0).
-11
(10 - 23) + 3 + (5 - 8) + -4
-17
What is the value of 15 + (-42 - -99) + -35?
37
Evaluate 1 - 8 - (-4 - (-15 - -9) - -3).
-12
-7 - (-9 - (1 + -7)) - 10
-14
Evaluate -103 + 44 - -49 - (-2 - -23).
-31
Evaluate 9 + -23 + -5 - (-1 + -7 - -16).
-27
What is -12 + 34 + (-31 - -5)?
-4
What is the value of -5 - ((-5 - (11 + -11)) + 3)?
-3
47 - 24 - 4 - 6
13
What is the value of 59 + -23 + (20 - 29)?
27
Evaluate 2 - (0 + 2) - (13 - (-6 - -14)).
-5
What is 3 + -7 + -6 + (-5 - (-8 - 4))?
-3
Evaluate (0 - (2 - (7 + -6))) + -1 - -11.
9
Calculate -3 - -22 - (-100 + 115).
4
Calculate -2 + 1 - -11 - (-12 - -2).
20
(12 + -3 - 1) + (-367 - -329)
-30
-3 - ((1 - -12) + -3 + -4)
-9
What is the value of -5 - ((8 - (2 - 5)) + 6 + -50)?
28
Calculate 1 + 2 - 8 - (29 - 39).
5
Calculate 31 + -2 + -16 + (-5 - -12).
20
What is the value of -6 + -2 + -2 + -6 + 5 + -1?
-12
(-1 - -7 - 11 - -1) + (-3 - 0)
-7
Evaluate 6 + -2 - (-2 - -1).
5
What is 1 + (-2 - 0) + -2 + -32 + 38?
3
Evaluate -1 - 1